{"id":947,"date":"2018-11-26T14:08:34","date_gmt":"2018-11-26T14:08:34","guid":{"rendered":"https:\/\/seofy.wgl-demo.net\/?page_id=947"},"modified":"2020-03-23T22:40:55","modified_gmt":"2020-03-23T21:40:55","slug":"design-thinking","status":"publish","type":"page","link":"https:\/\/myscalelab.com\/index.php\/design-thinking\/","title":{"rendered":"Design Thinking"},"content":{"rendered":"[vc_row][vc_column][wgl_spacing spacer_size=&#8221;18&#8243;][vc_row_inner content_placement=&#8221;middle&#8221;][vc_column_inner offset=&#8221;vc_col-lg-5 vc_col-md-6&#8243;][wgl_double_headings title_color=&#8221;#252525&#8243; subtitle_color=&#8221;#ff7d00&#8243; title=&#8221;Design Thinking&#8221; responsive_font=&#8221;true&#8221; font_size_mobile=&#8221;33&#8243;][wgl_spacing spacer_size=&#8221;19&#8243;][wgl_custom_text font_size=&#8221;18&#8243;]\n<p style=\"text-align: justify;\">Notre d\u00e9marche Design Thinking nous donne la capacit\u00e9 \u00ab User Centric \u00bb \u00e0 nous rapprocher des besoins r\u00e9els de nos clients. Pour cela nous avons d\u00e9velopp\u00e9 des solutions de facilitation graphique et d\u2019harmonisation des \u00e9tapes cl\u00e9s d\u2019id\u00e9ation des produits. Notre cr\u00e9ativit\u00e9 favorise l\u2019\u00e9mergence de concepts nouveaux pr\u00eats \u00e0 \u00eatre test\u00e9s par l\u2019exp\u00e9rimentation client.<\/p>\n[\/wgl_custom_text][wgl_spacing spacer_size=&#8221;19&#8243;][\/vc_column_inner][vc_column_inner offset=&#8221;vc_col-lg-7 vc_col-md-6&#8243;][vc_column_text]<img loading=\"lazy\" decoding=\"async\" class=\"aligncenter wp-image-2280 size-large\" src=\"http:\/\/myscalelab.com\/wp-content\/uploads\/2020\/01\/ux-ui-difference-1024x538.png\" alt=\"\" width=\"1024\" height=\"538\" srcset=\"https:\/\/myscalelab.com\/wp-content\/uploads\/2020\/01\/ux-ui-difference-1024x538.png 1024w, https:\/\/myscalelab.com\/wp-content\/uploads\/2020\/01\/ux-ui-difference-300x158.png 300w, https:\/\/myscalelab.com\/wp-content\/uploads\/2020\/01\/ux-ui-difference-768x403.png 768w, https:\/\/myscalelab.com\/wp-content\/uploads\/2020\/01\/ux-ui-difference-1080x567.png 1080w, https:\/\/myscalelab.com\/wp-content\/uploads\/2020\/01\/ux-ui-difference.png 1200w\" sizes=\"auto, (max-width: 1024px) 100vw, 1024px\" \/>[\/vc_column_text][\/vc_column_inner][\/vc_row_inner][wgl_spacing spacer_size=&#8221;90&#8243; screen_tablet=&#8221;768&#8243; responsive_tablet=&#8221;true&#8221; size_tablet=&#8221;70&#8243;][\/vc_column][\/vc_row]\n","protected":false},"excerpt":{"rendered":"<p>[vc_row][vc_column][wgl_spacing spacer_size=&#8221;18&#8243;][vc_row_inner content_placement=&#8221;middle&#8221;][vc_column_inner offset=&#8221;vc_col-lg-5 vc_col-md-6&#8243;][wgl_double_headings title_color=&#8221;#252525&#8243; subtitle_color=&#8221;#ff7d00&#8243; title=&#8221;Design Thinking&#8221; responsive_font=&#8221;true&#8221; font_size_mobile=&#8221;33&#8243;][wgl_spacing spacer_size=&#8221;19&#8243;][wgl_custom_text font_size=&#8221;18&#8243;] Notre d\u00e9marche Design Thinking nous donne la capacit\u00e9 \u00ab User Centric \u00bb \u00e0 nous rapprocher des besoins r\u00e9els de nos clients. Pour cela nous avons d\u00e9velopp\u00e9 des solutions de facilitation graphique et d\u2019harmonisation des \u00e9tapes cl\u00e9s d\u2019id\u00e9ation des produits. Notre cr\u00e9ativit\u00e9 favorise [&hellip;]<\/p>\n","protected":false},"author":1,"featured_media":0,"parent":0,"menu_order":0,"comment_status":"closed","ping_status":"closed","template":"","meta":{"content-type":"","footnotes":""},"class_list":["post-947","page","type-page","status-publish","hentry"],"_links":{"self":[{"href":"https:\/\/myscalelab.com\/index.php\/wp-json\/wp\/v2\/pages\/947","targetHints":{"allow":["GET"]}}],"collection":[{"href":"https:\/\/myscalelab.com\/index.php\/wp-json\/wp\/v2\/pages"}],"about":[{"href":"https:\/\/myscalelab.com\/index.php\/wp-json\/wp\/v2\/types\/page"}],"author":[{"embeddable":true,"href":"https:\/\/myscalelab.com\/index.php\/wp-json\/wp\/v2\/users\/1"}],"replies":[{"embeddable":true,"href":"https:\/\/myscalelab.com\/index.php\/wp-json\/wp\/v2\/comments?post=947"}],"version-history":[{"count":4,"href":"https:\/\/myscalelab.com\/index.php\/wp-json\/wp\/v2\/pages\/947\/revisions"}],"predecessor-version":[{"id":2312,"href":"https:\/\/myscalelab.com\/index.php\/wp-json\/wp\/v2\/pages\/947\/revisions\/2312"}],"wp:attachment":[{"href":"https:\/\/myscalelab.com\/index.php\/wp-json\/wp\/v2\/media?parent=947"}],"curies":[{"name":"wp","href":"https:\/\/api.w.org\/{rel}","templated":true}]}}