{"id":2689,"date":"2020-07-09T19:40:48","date_gmt":"2020-07-09T17:40:48","guid":{"rendered":"https:\/\/myscalelab.com\/?post_type=product&#038;p=2689"},"modified":"2020-07-11T14:40:36","modified_gmt":"2020-07-11T12:40:36","slug":"scalable-team-edition","status":"publish","type":"product","link":"https:\/\/myscalelab.com\/index.php\/product\/scalable-team-edition\/","title":{"rendered":"SCAL&#8217;ABLE Team Edition"},"content":{"rendered":"<p><strong>Grace \u00e0 l&#8217;\u00e9dition Team, vous pourrez :<\/strong><\/p>\n<ul>\n<li>Co-cr\u00e9er la construction de vos pipelines CI\/CD<\/li>\n<li>Conna\u00eetre la maturit\u00e9 de vos \u00e9quipes et leur donner une trajectoire<\/li>\n<li>Trouver un bon \u00e9quilibre entre acculturation et excellence op\u00e9rationnelle<\/li>\n<li>Adapter votre delivery \u00e0 vos enjeux terrain<\/li>\n<\/ul>\n","protected":false},"excerpt":{"rendered":"<p><img loading=\"lazy\" decoding=\"async\" class=\"alignnone size-full wp-image-2707\" src=\"https:\/\/myscalelab.com\/wp-content\/uploads\/2020\/07\/Scalable-3D.jpg\" alt=\"\" width=\"1607\" height=\"1080\" srcset=\"https:\/\/myscalelab.com\/wp-content\/uploads\/2020\/07\/Scalable-3D.jpg 1607w, https:\/\/myscalelab.com\/wp-content\/uploads\/2020\/07\/Scalable-3D-300x202.jpg 300w, https:\/\/myscalelab.com\/wp-content\/uploads\/2020\/07\/Scalable-3D-768x516.jpg 768w, https:\/\/myscalelab.com\/wp-content\/uploads\/2020\/07\/Scalable-3D-1024x688.jpg 1024w, https:\/\/myscalelab.com\/wp-content\/uploads\/2020\/07\/Scalable-3D-1080x726.jpg 1080w\" sizes=\"auto, (max-width: 1607px) 100vw, 1607px\" \/><\/p>\n","protected":false},"featured_media":2707,"comment_status":"open","ping_status":"closed","template":"","meta":{"content-type":""},"product_cat":[86,59,89,88,87],"product_tag":[],"class_list":["post-2689","product","type-product","status-publish","has-post-thumbnail","hentry","product_cat-cloud","product_cat-devops","product_cat-event-management","product_cat-learning","product_cat-security"],"_links":{"self":[{"href":"https:\/\/myscalelab.com\/index.php\/wp-json\/wp\/v2\/product\/2689","targetHints":{"allow":["GET"]}}],"collection":[{"href":"https:\/\/myscalelab.com\/index.php\/wp-json\/wp\/v2\/product"}],"about":[{"href":"https:\/\/myscalelab.com\/index.php\/wp-json\/wp\/v2\/types\/product"}],"replies":[{"embeddable":true,"href":"https:\/\/myscalelab.com\/index.php\/wp-json\/wp\/v2\/comments?post=2689"}],"wp:featuredmedia":[{"embeddable":true,"href":"https:\/\/myscalelab.com\/index.php\/wp-json\/wp\/v2\/media\/2707"}],"wp:attachment":[{"href":"https:\/\/myscalelab.com\/index.php\/wp-json\/wp\/v2\/media?parent=2689"}],"wp:term":[{"taxonomy":"product_cat","embeddable":true,"href":"https:\/\/myscalelab.com\/index.php\/wp-json\/wp\/v2\/product_cat?post=2689"},{"taxonomy":"product_tag","embeddable":true,"href":"https:\/\/myscalelab.com\/index.php\/wp-json\/wp\/v2\/product_tag?post=2689"}],"curies":[{"name":"wp","href":"https:\/\/api.w.org\/{rel}","templated":true}]}}