{"id":2911,"date":"2022-03-05T16:59:10","date_gmt":"2022-03-05T15:59:10","guid":{"rendered":"https:\/\/myscalelab.com\/?post_type=product&#038;p=2911"},"modified":"2025-06-02T19:58:41","modified_gmt":"2025-06-02T17:58:41","slug":"pack-essential","status":"publish","type":"product","link":"https:\/\/myscalelab.com\/index.php\/product\/pack-essential\/","title":{"rendered":"Pack Essential"},"content":{"rendered":"<p><strong>Ce Pack Essential comprend :<\/strong><\/p>\n<ul>\n<li>Un acc\u00e8s Partner \u00e0 notre Intranet et R\u00e9f\u00e9rentiel de prospects<\/li>\n<li><span style=\"font-size: 16px;\">Un service d\u00e9di\u00e9 de Growth Hacking (des Lead et Clients convertis \u00e0 votre disposition)<\/span><\/li>\n<li><span style=\"font-size: 16px;\">L&#8217;accompagnement dans la programmation de vos Webinar<\/span><\/li>\n<li>Une strat\u00e9gie d&#8217;accompagnement Produit sur mesure<\/li>\n<li>Motion Design et Pitch de vos Produits et Services<\/li>\n<li>Product Market Fit de vos solutions<\/li>\n<li>La mise aux ench\u00e8re de vos Produits (ex : NFT, etc)<\/li>\n<li>Un acc\u00e8s aux meilleurs services Crypto<\/li>\n<li>Une gestion optimis\u00e9e de vos \u00e9quipes et externalisation d&#8217;une partie de votre activit\u00e9 (formation, d\u00e9marchage commercial, etc.)<\/li>\n<li>Une d\u00e9l\u00e9gation Juridique (gestion de vos contrats et textes en droit social et NTIC)<\/li>\n<li>Un acc\u00e8s \u00e0 nos espaces de travail (Anticaf\u00e9, Coworking, Flex office)<\/li>\n<li>Acc\u00e9l\u00e9rez le lancement de votre activit\u00e9 et b\u00e9n\u00e9ficiez de nos meilleurs experts conseils<\/li>\n<\/ul>\n<p>Pour r\u00e9server votre Pack Essential, il vous suffit de confirmer votre souscription. Vous serez imm\u00e9diatement contact\u00e9 par nos experts conseils pour vous accompagner.<\/p>\n","protected":false},"excerpt":{"rendered":"[caption id=\"attachment_2912\" align=\"alignnone\" width=\"7900\"]<img loading=\"lazy\" decoding=\"async\" class=\"size-full wp-image-2912\" src=\"https:\/\/myscalelab.com\/wp-content\/uploads\/2022\/03\/BOX-STARTUP.png\" alt=\"Scaly Access Partner\" width=\"7900\" height=\"5267\" srcset=\"https:\/\/myscalelab.com\/wp-content\/uploads\/2022\/03\/BOX-STARTUP.png 7900w, https:\/\/myscalelab.com\/wp-content\/uploads\/2022\/03\/BOX-STARTUP-300x200.png 300w, https:\/\/myscalelab.com\/wp-content\/uploads\/2022\/03\/BOX-STARTUP-768x512.png 768w, https:\/\/myscalelab.com\/wp-content\/uploads\/2022\/03\/BOX-STARTUP-1024x683.png 1024w, https:\/\/myscalelab.com\/wp-content\/uploads\/2022\/03\/BOX-STARTUP-100x67.png 100w, https:\/\/myscalelab.com\/wp-content\/uploads\/2022\/03\/BOX-STARTUP-1080x720.png 1080w\" sizes=\"auto, (max-width: 7900px) 100vw, 7900px\" \/> Scaly Access Partner[\/caption]\n","protected":false},"featured_media":2912,"comment_status":"open","ping_status":"closed","template":"","meta":{"content-type":""},"product_cat":[94,99,98,93,97,96,92,91,95],"product_tag":[],"class_list":["post-2911","product","type-product","status-publish","has-post-thumbnail","hentry","product_cat-augmented-reality","product_cat-blockchain","product_cat-contract-management","product_cat-coworking","product_cat-intercontrat","product_cat-metaverse","product_cat-multidiffusion","product_cat-scaly","product_cat-virtual"],"_links":{"self":[{"href":"https:\/\/myscalelab.com\/index.php\/wp-json\/wp\/v2\/product\/2911","targetHints":{"allow":["GET"]}}],"collection":[{"href":"https:\/\/myscalelab.com\/index.php\/wp-json\/wp\/v2\/product"}],"about":[{"href":"https:\/\/myscalelab.com\/index.php\/wp-json\/wp\/v2\/types\/product"}],"replies":[{"embeddable":true,"href":"https:\/\/myscalelab.com\/index.php\/wp-json\/wp\/v2\/comments?post=2911"}],"wp:featuredmedia":[{"embeddable":true,"href":"https:\/\/myscalelab.com\/index.php\/wp-json\/wp\/v2\/media\/2912"}],"wp:attachment":[{"href":"https:\/\/myscalelab.com\/index.php\/wp-json\/wp\/v2\/media?parent=2911"}],"wp:term":[{"taxonomy":"product_cat","embeddable":true,"href":"https:\/\/myscalelab.com\/index.php\/wp-json\/wp\/v2\/product_cat?post=2911"},{"taxonomy":"product_tag","embeddable":true,"href":"https:\/\/myscalelab.com\/index.php\/wp-json\/wp\/v2\/product_tag?post=2911"}],"curies":[{"name":"wp","href":"https:\/\/api.w.org\/{rel}","templated":true}]}}